 n(v) = 124 + 63*v + 24*v - 98. Let r be n(5). Suppose 5*b = r + 1004. Is b a prime number?
True
Let h(j) = 1527*j - 55. Is h(19) composite?
True
Let o = -36 + 30. Let i be (-2)/66*o - 20817/(-33). Let p = i - 218. Is p a prime number?
False
Let a(f) = -5*f**3 - 9*f**2 - 4*f - 3. Let w(r) = -4*r**3 - 9*r**2 - 5*r - 4. Let u(v) = -5*a(v) + 6*w(v). Let m be u(10). Is 10/((-60)/m)*2*1481 composite?
True
Let c(u) = -u**2 - 2*u - 1. Let h be c(0). Let n(l) = 6838*l**2 - 6*l - 5. Is n(h) a composite number?
True
Let h be (4 + -8424)/(-2*1). Suppose -2*x - 3*w + h = 0, -5*x + 2*w + 3841 + 6722 = 0. Is x composite?
False
Suppose -4*f - 26344 = -5*v, 2*v = -0*v - 4*f + 10532. Suppose 34*j + v = 38*j. Is j prime?
False
Suppose 4*l = k - 2907, k + 131*l - 2893 = 128*l. Is k a prime number?
False
Suppose -222*t + 199514 = -208*t. Is t a composite number?
False
Suppose -12*u = -13*u - 2*f + 33655, -2*u = f - 67328. Is u a composite number?
True
Let k(o) = 4125*o**3 + 13*o**2 - 15*o - 5. Is k(8) a composite number?
False
Let u be 7/(42 - 0) - (-122)/(-12). Let t(i) = i**2 - i - 4. Let a be t(u). Suppose -y - 5*z + a = 0, -3*y + 559 = 5*z + 211. Is y a prime number?
False
Suppose 18*l = 23*l + 3*z - 545170, 436109 = 4*l - 3*z. Is l a prime number?
False
Let b(a) = -a**2 - a + 44. Let c be b(6). Suppose s - 2*t = 2, -s + c = 5*t - 7. Suppose -s*p + 337 = -219. Is p a composite number?
False
Let s be -1 + (-4 - -3) - (-3)/1. Is 6020/4*1 - (3 + s) a prime number?
False
Let z = 3479 + -1244. Suppose 2 = -2*g, -5*h - 2*g + 9038 = z. Is h a prime number?
True
Let r be ((-12)/36)/((-2)/(-12)). Let c be (-3 + -15 + r)*-1. Is (-2)/3 + c/(-15) + 1119 a prime number?
True
Suppose 4*v = -4*w + 12, -v + 2*w - 6*w + 6 = 0. Suppose -5*j + 1381 = 3*n - 0*j, -1389 = -3*n + 3*j. Suppose -v*c = c + 2*k - 487, 3*c - 3*k = n. Is c prime?
False
Suppose -4*s = 2*q - 382254, 1085*q - 1087*q + 382255 = 3*s. Is q a prime number?
False
Suppose 41*m - 1194 = 2209. Suppose 0 = 77*f - m*f + 25962. Is f composite?
False
Let o = 11513 - 9648. Is o prime?
False
Suppose 41*h - 32 = 39*h. Is 85164/h + (-4)/(-16) a prime number?
True
Let j be -1 + 3 + 5 + 1. Suppose -4*w + 4 = -j. Suppose 6 = w*c, -5*a = c + 148 - 1755. Is a composite?
True
Is (-88279 + 2)*(-116)/812 a prime number?
True
Let k(y) = -2*y**2 + 7*y - 7. Let z be k(1). Let s(q) = 93*q**2 - 6*q - 3. Is s(z) a prime number?
False
Let q = 117121 - -87546. Is q composite?
False
Is (-33133997)/(-27) + 12/(-162) a prime number?
False
Let y = 214025 + -55732. Is y composite?
False
Let u be 13*67*(-49 - -169). Suppose 1602 + u = 6*a. Is a composite?
True
Let l be 700 + -5 + 4 + -1. Suppose -10*d - 8372 = l. Let n = -616 - d. Is n prime?
False
Let j(q) = q**2 + q - 2. Let y(w) = 87*w**2 - 6*w + 8. Let o(r) = 2*j(r) + y(r). Is o(7) prime?
True
Let g = -9129 + 12544. Is g a prime number?
False
Let y(k) = -k**2 + 11*k + 13. Let n be y(13). Is 5 - n/(91/5586) a composite number?
True
Suppose -2*j = -6*j + 28. Suppose 2*k + j - 33 = 0. Suppose k*t - 1232 = 4995. Is t composite?
False
Suppose -3*s - 79 = -229. Suppose i + 16 = s. Suppose 2*d + 4*p = 110, -5*p + 24 = d - i. Is d composite?
False
Suppose 0*b + 2*b - 14*b = -1153524. Is b a composite number?
True
Let p(c) = 144*c - 31. Let a be p(15). Suppose 3*m = -d + 61, -2*m + 7*m - 3*d - 125 = 0. Suppose m*y = 23*y - a. Is y a composite number?
False
Let d(b) = b**2 + 2*b - 13. Let r be d(3). Let u(s) = 3 - r - 2 + 3799*s - 2045*s. Is u(1) a composite number?
False
Let x(q) = 421*q - 2. Suppose 3*m = 2*j + 4, 16 = 5*j + m - 2*m. Suppose n = 3*l + 2 + 1, -j*l = 2*n - 6. Is x(n) a prime number?
False
Let w(x) = -x**3 - 6*x**2 - x - 11. Let y be w(-6). Let u(z) = -2*z**2 - 12*z + 2. Let p be u(y). Is -6 + p/4 + 268 prime?
False
Let k = 100 - 7. Suppose 1213 = 3*h - 2*d, 5*d - k = h - 480. Is h prime?
False
Let z = 557 - 549. Is 6/z - ((-1258355)/28)/5 a composite number?
True
Suppose 0 = -s + 4*n + 21, -3*s - 2*n + 67 = -66. Let o(h) = 126 + h**3 - 13*h**2 - 54 - s - 30*h. Is o(16) prime?
False
Suppose 0 = 5*g + 5, 4*c + 151 - 783 = -4*g. Is (c/(-2))/(18/(-156) + 0) prime?
False
Suppose 3*x = 300692 - 59215 + 185270. Is x a prime number?
False
Let r = -2756 + 3049. Is r a prime number?
True
Let y = 71503 - 15756. Is y a prime number?
False
Let c(b) = 28*b**3 - 30*b**2 + 32*b + 139. Is c(26) prime?
False
Let d be 4/(-26) + (-6272)/(-208). Suppose -6*i - 8171 = -24881. Suppose -i = d*m - 31*m. Is m prime?
False
Is (-1 + -1)*(-4503872)/128 prime?
True
Let t(y) = 2*y + 11. Let q(s) = -6*s - 33. Let g(r) = 2*q(r) + 7*t(r). Let h be g(-4). Suppose -2 = 2*z, -266 = h*a - 5*a + 4*z. Is a a prime number?
True
Is (-1148380)/(-24) - ((-175)/42)/(-25) composite?
True
Let w(z) = 10*z - 4. Let p be w(9). Let j = p + -55. Suppose -3095 = -6*v + j. Is v composite?
False
Suppose 335*t - 358*t - 9453 + 181171 = 0. Is t prime?
False
Is (-411764)/(-8)*((-180)/(-40) + 10/(-4)) prime?
False
Let c = 95043 - -920954. Is c a prime number?
False
Let i(a) = -a**3 - 2*a**2 + a - 1. Let t be i(-3). Suppose g + 12 = -2*g, 3*m + t*g - 6625 = 0. Is m prime?
False
Is (-67674)/(-10) - 1 - 5 - 12/30 composite?
False
Let q = -39 - -35. Let m be (-39)/(12/q) - 0. Is (-714)/(-4) - (m/(-2) + 6) a composite number?
False
Suppose -2*a = -5*a + 12. Suppose 0 = o + 2*w + 6, 5*w - 14 = 5*o - 59. Suppose -a*g + 2*n = -1654, 2*g + o*n + 830 = 4*g. Is g a prime number?
False
Is 684 + -677 + (-1056 + 0)*-414 composite?
False
Let p(h) = -97*h**3 - 4*h**2 + 2*h + 4. Let b be p(-1). Is 10/b - (-697617)/57 a composite number?
False
Let l = 611 - 613. Let f(a) = 2821*a**2 - a - 5. Is f(l) a composite number?
True
Let y(c) = -11*c - 171. Let o be y(-5). Let s be (474/(-4))/(2/(-4)). Let m = s + o. Is m composite?
True
Let n be (-1242)/115 - 2/10*1. Let o = n + 418. Is o prime?
False
Let g(k) = 42035*k**3 - 7*k + 9. Is g(1) a prime number?
False
Let j = 8629 - -10902. Is j prime?
True
Let k = 745 - 507. Let r(n) = 87*n + 36 + 13 - 15 + k*n. Is r(9) a composite number?
True
Is 20/((-5)/1)*2333788/(-16) composite?
False
Let s(r) = 6965*r + 72. Is s(2) composite?
True
Let j = 18 - 16. Suppose 2*x + f = -j*x + 16, -3*x = 3*f - 21. Suppose 172 = -x*b + 3685. Is b prime?
True
Let v be 5 - (-1)/(-2)*4. Suppose 294 - 159 = 9*x. Suppose -v*w - 19884 = -x*w. Is w composite?
False
Is (-32)/4 - (-4 - -4) - (-287378)/2 a composite number?
True
Let a = 250 - 248. Suppose a*m + 2*j - 714 = 0, -6*m + 7*m - 4*j - 337 = 0. Is m composite?
False
Suppose 5*h - 48 = 9*h. Is (-1)/(3/h) + 5977 prime?
True
Suppose -4*j - 1358 = 3*y + 8863, -2*j + 5*y - 5117 = 0. Let n = -1417 - j. Is n a prime number?
False
Let h = -211 - 1550. Is -6 - (-6 + 0) - h a composite number?
True
Suppose 112 = 119*b - 112*b. Is 271988/b - (-20)/(-80) a prime number?
False
Suppose -3*y = 2*y - 25. Suppose 9*u - 297*u + 1152 = 0. Suppose -u*f + 8808 = -4*l, f + 2184 = 2*f + y*l. Is f a prime number?
False
Suppose 38501512 = 88*j + 6014669 + 110323. Is j a prime number?
False
Suppose 8 = 3*m + 2. Let u be -44 + -11 + (-6)/m. Let v = u - -125. Is v a composite number?
False
Let g be 4 - 3*519580/15. Let u = g + 166726. Is ((-8)/(-5))/(-4) - u/(-10) prime?
False
Suppose k = -k - 2*k. Suppose k = 4*o - 0*o + 2*s + 78, -5*o - 4*s - 105 = 0. Is (-2)/o + (-14261)/(-17) prime?
True
Suppose -9*c = c - 720. Let j = -79 + c. Let n(z) = -8*z - 18. Is n(j) composite?
True
Suppose -j = -23*j + 88. Suppose -w + j*n + 5483 = 1996, -5*w - 2*n = -17501. Is w a composite number?
False
Let w = 21 + -11. Suppose -w*c + 2580 = -14*c. Is c*2/(-3) - 3 a composite number?
True
Let y = -353249 + 583386. Is y composite?
False
Let b(f) = 4*f - 41 + 666*f**2 - 26*f - 20 - 2*f**2. Is b(-3) a prime number?
True
Let x(d) = d**3 + 32*d**2 - 35*d - 42. Let p be x(-33). Is 4/((p/60)/(933/15)) a prime number?
False
Suppose 20*h + 2249801 = 24*h + 5*t, -t - 1124869 = -2*h. Is h a prime number?
True
Let z(a) = -9 + 395*a**3 + 0*a - a**2 - 3*a + 3*a + 8*a + 0*a. Is z(2) a prime number?
True
Let l(j) = 2*j**3 + 7*j**2 - 14*j + 174. Is l(29) a composite number?
True
Suppose -2 = 13*j - 41. Suppose j = 10*s - 27. Suppose -s*c + 2*c + 5*p + 1348 = 0, 2*p + 6717 = 5*c. Is c a composite number?
True
Let j(z) = -z**2 + 13*z - 20. Let r be 